{"id":624,"date":"2021-06-21T09:26:26","date_gmt":"2021-06-21T07:26:26","guid":{"rendered":"https:\/\/epl27.domainedechambray.fr\/?page_id=624"},"modified":"2026-04-27T08:37:59","modified_gmt":"2026-04-27T06:37:59","slug":"bac-general-a-dominante-scientifique","status":"publish","type":"page","link":"https:\/\/educagri27.fr\/index.php\/bac-general-a-dominante-scientifique\/","title":{"rendered":"BAC G\u00e9n\u00e9ral \u00e0 dominante scientifique"},"content":{"rendered":"\t\t<div data-elementor-type=\"wp-page\" data-elementor-id=\"624\" class=\"elementor elementor-624\" data-elementor-settings=\"[]\">\n\t\t\t\t\t\t\t<div class=\"elementor-section-wrap\">\n\t\t\t\t\t\t\t<section class=\"elementor-section elementor-top-section elementor-element elementor-element-2dcae22 elementor-section-boxed elementor-section-height-default elementor-section-height-default\" data-id=\"2dcae22\" data-element_type=\"section\" data-settings=\"{&quot;jet_parallax_layout_list&quot;:[{&quot;jet_parallax_layout_image&quot;:{&quot;url&quot;:&quot;&quot;,&quot;id&quot;:&quot;&quot;},&quot;_id&quot;:&quot;9dec958&quot;,&quot;jet_parallax_layout_image_tablet&quot;:{&quot;url&quot;:&quot;&quot;,&quot;id&quot;:&quot;&quot;},&quot;jet_parallax_layout_image_mobile&quot;:{&quot;url&quot;:&quot;&quot;,&quot;id&quot;:&quot;&quot;},&quot;jet_parallax_layout_speed&quot;:{&quot;unit&quot;:&quot;%&quot;,&quot;size&quot;:50,&quot;sizes&quot;:[]},&quot;jet_parallax_layout_type&quot;:&quot;scroll&quot;,&quot;jet_parallax_layout_direction&quot;:&quot;1&quot;,&quot;jet_parallax_layout_fx_direction&quot;:null,&quot;jet_parallax_layout_z_index&quot;:&quot;&quot;,&quot;jet_parallax_layout_bg_x&quot;:50,&quot;jet_parallax_layout_bg_x_tablet&quot;:&quot;&quot;,&quot;jet_parallax_layout_bg_x_mobile&quot;:&quot;&quot;,&quot;jet_parallax_layout_bg_y&quot;:50,&quot;jet_parallax_layout_bg_y_tablet&quot;:&quot;&quot;,&quot;jet_parallax_layout_bg_y_mobile&quot;:&quot;&quot;,&quot;jet_parallax_layout_bg_size&quot;:&quot;auto&quot;,&quot;jet_parallax_layout_bg_size_tablet&quot;:&quot;&quot;,&quot;jet_parallax_layout_bg_size_mobile&quot;:&quot;&quot;,&quot;jet_parallax_layout_animation_prop&quot;:&quot;transform&quot;,&quot;jet_parallax_layout_on&quot;:[&quot;desktop&quot;,&quot;tablet&quot;]}]}\">\n\t\t\t\t\t\t<div class=\"elementor-container elementor-column-gap-default\">\n\t\t\t\t\t<div class=\"elementor-column elementor-col-100 elementor-top-column elementor-element elementor-element-dc603cd\" data-id=\"dc603cd\" data-element_type=\"column\">\n\t\t\t<div class=\"elementor-widget-wrap elementor-element-populated\">\n\t\t\t\t\t\t\t\t<div class=\"elementor-element elementor-element-8fb88b9 elementor-widget elementor-widget-heading\" data-id=\"8fb88b9\" data-element_type=\"widget\" data-widget_type=\"heading.default\">\n\t\t\t\t<div class=\"elementor-widget-container\">\n\t\t\t<h2 class=\"elementor-heading-title elementor-size-default\">BAC G\u00e9n\u00e9ral \u00e0 dominante scientifique<\/h2>\t\t<\/div>\n\t\t\t\t<\/div>\n\t\t\t\t\t<\/div>\n\t\t<\/div>\n\t\t\t\t\t\t\t<\/div>\n\t\t<\/section>\n\t\t\t\t<section class=\"elementor-section elementor-top-section elementor-element elementor-element-dda1098 elementor-section-boxed elementor-section-height-default elementor-section-height-default\" data-id=\"dda1098\" data-element_type=\"section\" data-settings=\"{&quot;jet_parallax_layout_list&quot;:[]}\">\n\t\t\t\t\t\t<div class=\"elementor-container elementor-column-gap-default\">\n\t\t\t\t\t<div class=\"elementor-column elementor-col-100 elementor-top-column elementor-element elementor-element-5999752\" data-id=\"5999752\" data-element_type=\"column\">\n\t\t\t<div class=\"elementor-widget-wrap elementor-element-populated\">\n\t\t\t\t\t\t\t\t<div class=\"elementor-element elementor-element-a6271f9 elementor-widget elementor-widget-text-editor\" data-id=\"a6271f9\" data-element_type=\"widget\" data-widget_type=\"text-editor.default\">\n\t\t\t\t<div class=\"elementor-widget-container\">\n\t\t\t\t\t\t\t<p>Le Baccalaur\u00e9at G\u00e9n\u00e9ral \u00e0 dominante scientifique propos\u00e9 \u00e0 Chambray propose trois enseignements de sp\u00e9cialit\u00e9 en premi\u00e8re : Biologie-\u00c9cologie, Physique-Chimie et Math\u00e9matiques et trois choix d\u2019enseignements de sp\u00e9cialit\u00e9 en terminale :<\/p><ul><li><b>Biologie-\u00c9cologie (6h) et Physique-Chimie (6h), avec option Maths compl\u00e9mentaires (3h)<\/b><\/li><li><b>Math\u00e9matiques (6h) et Physique-Chimie (6h), avec option Maths expertes (3h)<\/b><\/li><li><b>Biologie-Ecologie (6h) et Math\u00e9matiques (6h)<\/b><\/li><\/ul><p><b>Ces trois choix offrent le plus de d\u00e9bouch\u00e9e d\u2019orientation post-bac.<\/b><br \/>Ce baccalaur\u00e9at g\u00e9n\u00e9ral est tr\u00e8s complet, il permet d\u2019acc\u00e9der \u00e0 nombre de voies dans l\u2019enseignement sup\u00e9rieur.<br \/>Le dipl\u00f4me du Baccalaur\u00e9at G\u00e9n\u00e9ral est d\u00e9livr\u00e9 par l\u2019\u00c9ducation Nationale, cependant le programme de biologie est sp\u00e9cifique \u00e0 l\u2019enseignement agricole avec l\u2019\u00e9tude de la biologie-\u00e9cologie.<\/p>\t\t\t\t\t\t<\/div>\n\t\t\t\t<\/div>\n\t\t\t\t\t<\/div>\n\t\t<\/div>\n\t\t\t\t\t\t\t<\/div>\n\t\t<\/section>\n\t\t\t\t<section class=\"elementor-section elementor-top-section elementor-element elementor-element-503ece6 elementor-section-boxed elementor-section-height-default elementor-section-height-default\" data-id=\"503ece6\" data-element_type=\"section\" data-settings=\"{&quot;jet_parallax_layout_list&quot;:[]}\">\n\t\t\t\t\t\t<div class=\"elementor-container elementor-column-gap-default\">\n\t\t\t\t\t<div class=\"elementor-column elementor-col-100 elementor-top-column elementor-element elementor-element-3ee74d3\" data-id=\"3ee74d3\" data-element_type=\"column\">\n\t\t\t<div class=\"elementor-widget-wrap elementor-element-populated\">\n\t\t\t\t\t\t\t\t<div class=\"elementor-element elementor-element-32d9dd2 elementor-widget elementor-widget-heading\" data-id=\"32d9dd2\" data-element_type=\"widget\" data-widget_type=\"heading.default\">\n\t\t\t\t<div class=\"elementor-widget-container\">\n\t\t\t<h3 class=\"elementor-heading-title elementor-size-default\">Admission<\/h3>\t\t<\/div>\n\t\t\t\t<\/div>\n\t\t\t\t\t<\/div>\n\t\t<\/div>\n\t\t\t\t\t\t\t<\/div>\n\t\t<\/section>\n\t\t\t\t<section class=\"elementor-section elementor-top-section elementor-element elementor-element-c9b51dc elementor-section-boxed elementor-section-height-default elementor-section-height-default\" data-id=\"c9b51dc\" data-element_type=\"section\" data-settings=\"{&quot;jet_parallax_layout_list&quot;:[]}\">\n\t\t\t\t\t\t<div class=\"elementor-container elementor-column-gap-default\">\n\t\t\t\t\t<div class=\"elementor-column elementor-col-100 elementor-top-column elementor-element elementor-element-380d961\" data-id=\"380d961\" data-element_type=\"column\">\n\t\t\t<div class=\"elementor-widget-wrap elementor-element-populated\">\n\t\t\t\t\t\t\t\t<div class=\"elementor-element elementor-element-5d7de12 elementor-widget elementor-widget-text-editor\" data-id=\"5d7de12\" data-element_type=\"widget\" data-widget_type=\"text-editor.default\">\n\t\t\t\t<div class=\"elementor-widget-container\">\n\t\t\t\t\t\t\t<p>Apr\u00e8s une classe de&nbsp;<a href=\"https:\/\/educagri27.fr\/index.php\/seconde-generale-et-technologique\/\" target=\"_blank\">Seconde G\u00e9n\u00e9rale et Technologique<\/a>, sur avis favorable du conseil de classe.<br>Si la classe de seconde est effectu\u00e9e au sein d\u2019un autre lyc\u00e9e, un rendez-vous peut \u00eatre pris aupr\u00e8s du secr\u00e9tariat de notre lyc\u00e9e pour un entretien \u00e0 partir de janvier, avec un membre de la Direction ou lors des Journ\u00e9es Portes Ouvertes. La d\u00e9cision d\u2019admission est communiqu\u00e9e courant juin.<\/p>\t\t\t\t\t\t<\/div>\n\t\t\t\t<\/div>\n\t\t\t\t\t<\/div>\n\t\t<\/div>\n\t\t\t\t\t\t\t<\/div>\n\t\t<\/section>\n\t\t\t\t<section class=\"elementor-section elementor-top-section elementor-element elementor-element-695f3b4 elementor-section-boxed elementor-section-height-default elementor-section-height-default\" data-id=\"695f3b4\" data-element_type=\"section\" data-settings=\"{&quot;jet_parallax_layout_list&quot;:[]}\">\n\t\t\t\t\t\t<div class=\"elementor-container elementor-column-gap-default\">\n\t\t\t\t\t<div class=\"elementor-column elementor-col-100 elementor-top-column elementor-element elementor-element-6199303\" data-id=\"6199303\" data-element_type=\"column\">\n\t\t\t<div class=\"elementor-widget-wrap elementor-element-populated\">\n\t\t\t\t\t\t\t\t<div class=\"elementor-element elementor-element-574f2bc elementor-widget elementor-widget-heading\" data-id=\"574f2bc\" data-element_type=\"widget\" data-widget_type=\"heading.default\">\n\t\t\t\t<div class=\"elementor-widget-container\">\n\t\t\t<h3 class=\"elementor-heading-title elementor-size-default\">Aptitudes<\/h3>\t\t<\/div>\n\t\t\t\t<\/div>\n\t\t\t\t\t<\/div>\n\t\t<\/div>\n\t\t\t\t\t\t\t<\/div>\n\t\t<\/section>\n\t\t\t\t<section class=\"elementor-section elementor-top-section elementor-element elementor-element-25f77f9 elementor-section-boxed elementor-section-height-default elementor-section-height-default\" data-id=\"25f77f9\" data-element_type=\"section\" data-settings=\"{&quot;jet_parallax_layout_list&quot;:[]}\">\n\t\t\t\t\t\t<div class=\"elementor-container elementor-column-gap-default\">\n\t\t\t\t\t<div class=\"elementor-column elementor-col-100 elementor-top-column elementor-element elementor-element-d442442\" data-id=\"d442442\" data-element_type=\"column\">\n\t\t\t<div class=\"elementor-widget-wrap elementor-element-populated\">\n\t\t\t\t\t\t\t\t<div class=\"elementor-element elementor-element-71095e3 elementor-widget elementor-widget-text-editor\" data-id=\"71095e3\" data-element_type=\"widget\" data-widget_type=\"text-editor.default\">\n\t\t\t\t<div class=\"elementor-widget-container\">\n\t\t\t\t\t\t\t<p>Ce Bac est exigeant, il s\u2019adresse \u00e0 des jeunes ayant un bon niveau scolaire, en particulier dans les mati\u00e8res scientifiques : math\u00e9matiques, physique-chimie, biologie \u00e9cologie qui repr\u00e9sentent 60% des coefficients de l\u2019examen.<br \/>Les \u00e9l\u00e8ves devront travailler r\u00e9guli\u00e8rement et pr\u00e9senter une bonne capacit\u00e9 d\u2019analyse, de raisonnement, de synth\u00e8se et de m\u00e9morisation.<\/p><p>Le baccalaur\u00e9at g\u00e9n\u00e9ral s\u2019obtient par :<\/p><ul><li>Le contr\u00f4le continu (40%) Le passage d\u2019 \u00e9preuves terminales (60%) :<\/li><li>\u00e9preuves anticip\u00e9es de fran\u00e7ais et de math\u00e9matiques en juin de l\u2019ann\u00e9e de premi\u00e8re<\/li><li>\u00e9crits et TP des enseignements de sp\u00e9cialit\u00e9s en juin de l\u2019ann\u00e9e de terminale<\/li><li>\u00e9crit de philosophie : juin de l\u2019ann\u00e9e de terminale<\/li><li>\u00e9preuve du grand oral. : juin de l\u2019ann\u00e9e de terminale<\/li><\/ul>\t\t\t\t\t\t<\/div>\n\t\t\t\t<\/div>\n\t\t\t\t\t<\/div>\n\t\t<\/div>\n\t\t\t\t\t\t\t<\/div>\n\t\t<\/section>\n\t\t\t\t<section class=\"elementor-section elementor-top-section elementor-element elementor-element-0789433 elementor-section-boxed elementor-section-height-default elementor-section-height-default\" data-id=\"0789433\" data-element_type=\"section\" data-settings=\"{&quot;jet_parallax_layout_list&quot;:[]}\">\n\t\t\t\t\t\t<div class=\"elementor-container elementor-column-gap-default\">\n\t\t\t\t\t<div class=\"elementor-column elementor-col-100 elementor-top-column elementor-element elementor-element-5c16f5f\" data-id=\"5c16f5f\" data-element_type=\"column\">\n\t\t\t<div class=\"elementor-widget-wrap elementor-element-populated\">\n\t\t\t\t\t\t\t\t<div class=\"elementor-element elementor-element-ecc0ed2 elementor-widget elementor-widget-image\" data-id=\"ecc0ed2\" data-element_type=\"widget\" data-widget_type=\"image.default\">\n\t\t\t\t<div class=\"elementor-widget-container\">\n\t\t\t\t\t\t\t\t\t\t\t\t\t\t\t<img loading=\"lazy\" decoding=\"async\" width=\"1190\" height=\"1430\" src=\"https:\/\/educagri27.fr\/wp-content\/uploads\/2026\/04\/Horaire_semaine_general.png\" class=\"attachment-1536x1536 size-1536x1536\" alt=\"\" srcset=\"https:\/\/educagri27.fr\/wp-content\/uploads\/2026\/04\/Horaire_semaine_general.png 1190w, https:\/\/educagri27.fr\/wp-content\/uploads\/2026\/04\/Horaire_semaine_general-250x300.png 250w, https:\/\/educagri27.fr\/wp-content\/uploads\/2026\/04\/Horaire_semaine_general-852x1024.png 852w, https:\/\/educagri27.fr\/wp-content\/uploads\/2026\/04\/Horaire_semaine_general-768x923.png 768w, https:\/\/educagri27.fr\/wp-content\/uploads\/2026\/04\/Horaire_semaine_general-560x673.png 560w\" sizes=\"auto, (max-width: 1190px) 100vw, 1190px\" \/>\t\t\t\t\t\t\t\t\t\t\t\t\t\t\t<\/div>\n\t\t\t\t<\/div>\n\t\t\t\t\t<\/div>\n\t\t<\/div>\n\t\t\t\t\t\t\t<\/div>\n\t\t<\/section>\n\t\t\t\t\t\t<\/div>\n\t\t\t\t\t<\/div>\n\t\t","protected":false},"excerpt":{"rendered":"<p>BAC G\u00e9n\u00e9ral \u00e0 dominante scientifique Le Baccalaur\u00e9at G\u00e9n\u00e9ral \u00e0 dominante scientifique propos\u00e9 \u00e0 Chambray propose trois enseignements de sp\u00e9cialit\u00e9 en premi\u00e8re : Biologie-\u00c9cologie, Physique-Chimie et Math\u00e9matiques et trois choix d\u2019enseignements de sp\u00e9cialit\u00e9 en terminale : Biologie-\u00c9cologie (6h) et Physique-Chimie (6h), avec option Maths compl\u00e9mentaires (3h) Math\u00e9matiques (6h) et Physique-Chimie (6h), avec option Maths expertes (3h) &hellip;<\/p>\n","protected":false},"author":1,"featured_media":0,"parent":0,"menu_order":0,"comment_status":"closed","ping_status":"closed","template":"","meta":{"footnotes":""},"class_list":["post-624","page","type-page","status-publish","hentry","no-thumb"],"_links":{"self":[{"href":"https:\/\/educagri27.fr\/index.php\/wp-json\/wp\/v2\/pages\/624","targetHints":{"allow":["GET"]}}],"collection":[{"href":"https:\/\/educagri27.fr\/index.php\/wp-json\/wp\/v2\/pages"}],"about":[{"href":"https:\/\/educagri27.fr\/index.php\/wp-json\/wp\/v2\/types\/page"}],"author":[{"embeddable":true,"href":"https:\/\/educagri27.fr\/index.php\/wp-json\/wp\/v2\/users\/1"}],"replies":[{"embeddable":true,"href":"https:\/\/educagri27.fr\/index.php\/wp-json\/wp\/v2\/comments?post=624"}],"version-history":[{"count":15,"href":"https:\/\/educagri27.fr\/index.php\/wp-json\/wp\/v2\/pages\/624\/revisions"}],"predecessor-version":[{"id":9558,"href":"https:\/\/educagri27.fr\/index.php\/wp-json\/wp\/v2\/pages\/624\/revisions\/9558"}],"wp:attachment":[{"href":"https:\/\/educagri27.fr\/index.php\/wp-json\/wp\/v2\/media?parent=624"}],"curies":[{"name":"wp","href":"https:\/\/api.w.org\/{rel}","templated":true}]}}